65.87.51.53 - - [17/May/2011:15:11:02 -0500] "GET /style_side.css HTTP/1.1" 304 -
65.87.51.53 - - [17/May/2011:15:11:02 -0500] "GET /smside.js HTTP/1.1" 304 -
65.87.51.53 - - [17/May/2011:15:11:02 -0500] "GET /style_side_div.css HTTP/1.1" 304 -
65.87.51.53 - - [17/May/2011:15:11:02 -0500] "GET /style_top.css HTTP/1.1" 304 -
65.87.51.53 - - [17/May/2011:15:11:02 -0500] "GET /style.css HTTP/1.1" 304 -
65.87.51.53 - - [17/May/2011:15:11:02 -0500] "GET /images/form_arrow.gif HTTP/1.1" 304 -
65.87.51.53 - - [17/May/2011:15:11:02 -0500] "GET /images/schoolhouse.gif HTTP/1.1" 304 -
65.87.51.53 - - [17/May/2011:15:11:02 -0500] "GET /images/frame_top.jpg HTTP/1.1" 304 -
65.87.51.53 - - [17/May/2011:15:11:05 -0500] "GET /images/schoolmaster.gif HTTP/1.1" 304 -
65.87.51.53 - - [17/May/2011:15:11:08 -0500] "GET /sched/1ba96192.htm HTTP/1.1" 304 -
65.87.51.53 - - [17/May/2011:15:11:08 -0500] "GET /images/arrow.gif HTTP/1.1" 304 -
65.87.51.53 - - [17/May/2011:15:11:10 -0500] "GET /progress/3032S10/1ba96192.htm HTTP/1.1" 200 15107
65.87.51.53 - - [17/May/2011:15:11:40 -0500] "GET /style.css HTTP/1.1" 304 -
65.87.51.53 - - [17/May/2011:15:11:40 -0500] "GET /style.css HTTP/1.1" 304 -
65.87.53.181 - - [17/May/2011:15:12:25 -0500] "GET /smframe.htm HTTP/1.1" 304 -
65.87.53.181 - - [17/May/2011:15:12:25 -0500] "GET /smside_css.htm HTTP/1.1" 304 -
65.87.53.181 - - [17/May/2011:15:12:26 -0500] "GET /smschool.htm HTTP/1.1" 304 -
65.87.53.181 - - [17/May/2011:15:12:26 -0500] "GET /smmess.htm HTTP/1.1" 304 -
65.87.53.181 - - [17/May/2011:15:12:26 -0500] "GET /viewoptions.js HTTP/1.1" 304 -
65.87.53.181 - - [17/May/2011:15:12:26 -0500] "GET /style.css HTTP/1.1" 304 -
65.87.53.181 - - [17/May/2011:15:12:26 -0500] "GET /smside.js HTTP/1.1" 304 -
65.87.53.181 - - [17/May/2011:15:12:26 -0500] "GET /style_top.css HTTP/1.1" 304 -
65.87.53.181 - - [17/May/2011:15:12:26 -0500] "GET /images/form_arrow.gif HTTP/1.1" 304 -
65.87.53.181 - - [17/May/2011:15:12:26 -0500] "GET /style_side.css HTTP/1.1" 304 -
65.87.53.181 - - [17/May/2011:15:12:26 -0500] "GET /style_side_div.css HTTP/1.1" 304 -
65.87.53.181 - - [17/May/2011:15:12:26 -0500] "GET /images/frame_top.jpg HTTP/1.1" 304 -
65.87.53.181 - - [17/May/2011:15:12:26 -0500] "GET /images/schoolmaster.gif HTTP/1.1" 304 -
65.87.53.181 - - [17/May/2011:15:12:26 -0500] "GET /images/schoolhouse.gif HTTP/1.1" 304 -
65.87.53.181 - - [17/May/2011:15:12:35 -0500] "GET /sched/1bd3b587.htm HTTP/1.1" 304 -
65.87.53.181 - - [17/May/2011:15:12:35 -0500] "GET /images/arrow.gif HTTP/1.1" 304 -
65.87.53.181 - - [17/May/2011:15:12:38 -0500] "GET /progress/9152S02/1bd3b587.htm HTTP/1.1" 304 -
65.87.53.181 - - [17/May/2011:15:12:50 -0500] "GET /progress/3062S05/1bd3b587.htm HTTP/1.1" 200 13713
65.87.53.181 - - [17/May/2011:15:13:22 -0500] "GET /progress/2111S04/1bd3b587.htm HTTP/1.1" 304 -
67.142.168.22 - - [17/May/2011:15:20:15 -0500] "GET /smframe.htm HTTP/1.1" 200 571
67.142.168.22 - - [17/May/2011:15:20:15 -0500] "GET /smside_css.htm HTTP/1.1" 200 1745
67.142.168.22 - - [17/May/2011:15:20:16 -0500] "GET /smmess.htm HTTP/1.1" 200 1148
67.142.168.22 - - [17/May/2011:15:20:16 -0500] "GET /smschool.htm HTTP/1.1" 200 1112
67.142.168.22 - - [17/May/2011:15:20:16 -0500] "GET /viewoptions.js HTTP/1.1" 200 1600
67.142.168.22 - - [17/May/2011:15:20:16 -0500] "GET /smside.js HTTP/1.1" 200 6160
67.142.168.22 - - [17/May/2011:15:20:16 -0500] "GET /style_side_div.css HTTP/1.1" 200 2278
67.142.168.22 - - [17/May/2011:15:20:16 -0500] "GET /style_side.css HTTP/1.1" 200 896
67.142.168.22 - - [17/May/2011:15:20:16 -0500] "GET /style_top.css HTTP/1.1" 200 1207
67.142.168.22 - - [17/May/2011:15:20:16 -0500] "GET /style.css HTTP/1.1" 200 2211
67.142.168.22 - - [17/May/2011:15:20:16 -0500] "GET /images/schoolmaster.gif HTTP/1.1" 200 3623
67.142.168.22 - - [17/May/2011:15:20:16 -0500] "GET /images/form_arrow.gif HTTP/1.1" 200 85
67.142.168.22 - - [17/May/2011:15:20:16 -0500] "GET /images/schoolhouse.gif HTTP/1.1" 200 5963
67.142.168.22 - - [17/May/2011:15:20:16 -0500] "GET /images/frame_top.jpg HTTP/1.1" 200 16723
67.142.168.22 - - [17/May/2011:15:20:29 -0500] "GET /images/schoolhouse.gif HTTP/1.1" 200 5963
67.142.168.22 - - [17/May/2011:15:20:31 -0500] "GET /sched/1bc59221.htm HTTP/1.1" 200 5629
67.142.168.22 - - [17/May/2011:15:20:31 -0500] "GET /style.css HTTP/1.1" 200 2211
67.142.168.22 - - [17/May/2011:15:20:31 -0500] "GET /images/arrow.gif HTTP/1.1" 200 56
67.142.168.22 - - [17/May/2011:15:20:35 -0500] "GET /progress/4014S03/1bc59221.htm HTTP/1.1" 200 17656
67.142.168.22 - - [17/May/2011:15:20:35 -0500] "GET /style.css HTTP/1.1" 200 2211
65.87.46.190 - - [17/May/2011:15:21:01 -0500] "GET /smframe.htm HTTP/1.1" 304 -
65.87.46.190 - - [17/May/2011:15:21:02 -0500] "GET /smside_css.htm HTTP/1.1" 304 -
65.87.46.190 - - [17/May/2011:15:21:02 -0500] "GET /smschool.htm HTTP/1.1" 304 -
65.87.46.190 - - [17/May/2011:15:21:02 -0500] "GET /smmess.htm HTTP/1.1" 304 -
65.87.46.190 - - [17/May/2011:15:21:02 -0500] "GET /viewoptions.js HTTP/1.1" 304 -
65.87.46.190 - - [17/May/2011:15:21:02 -0500] "GET /style_side.css HTTP/1.1" 304 -
65.87.46.190 - - [17/May/2011:15:21:02 -0500] "GET /smside.js HTTP/1.1" 304 -
65.87.46.190 - - [17/May/2011:15:21:02 -0500] "GET /style_side_div.css HTTP/1.1" 304 -
65.87.46.190 - - [17/May/2011:15:21:02 -0500] "GET /style_top.css HTTP/1.1" 304 -
65.87.46.190 - - [17/May/2011:15:21:02 -0500] "GET /style.css HTTP/1.1" 304 -
65.87.46.190 - - [17/May/2011:15:21:02 -0500] "GET /images/form_arrow.gif HTTP/1.1" 304 -
65.87.46.190 - - [17/May/2011:15:21:02 -0500] "GET /images/schoolhouse.gif HTTP/1.1" 304 -
65.87.46.190 - - [17/May/2011:15:21:02 -0500] "GET /images/schoolmaster.gif HTTP/1.1" 304 -
65.87.46.190 - - [17/May/2011:15:21:02 -0500] "GET /images/frame_top.jpg HTTP/1.1" 304 -
67.142.168.22 - - [17/May/2011:15:21:29 -0500] "GET /progress/1142S05/1bc59221.htm HTTP/1.1" 200 23543
65.87.46.190 - - [17/May/2011:15:21:29 -0500] "GET /sched/1b963347.htm HTTP/1.1" 304 -
67.142.168.22 - - [17/May/2011:15:21:29 -0500] "GET /style.css HTTP/1.1" 200 2211
65.87.46.190 - - [17/May/2011:15:21:29 -0500] "GET /images/arrow.gif HTTP/1.1" 304 -
67.142.168.22 - - [17/May/2011:15:21:38 -0500] "GET /progress/5075S02/1bc59221.htm HTTP/1.1" 200 17023
67.142.168.22 - - [17/May/2011:15:21:38 -0500] "GET /style.css HTTP/1.1" 200 2211
71.10.188.12 - - [17/May/2011:15:21:38 -0500] "GET /sched/1bbf2516.htm HTTP/1.1" 200 6254
71.10.188.12 - - [17/May/2011:15:21:39 -0500] "GET /images/arrow.gif HTTP/1.1" 200 56
65.87.46.190 - - [17/May/2011:15:21:44 -0500] "GET /progress/4052M03/1b963347.htm HTTP/1.1" 200 8971
71.10.188.12 - - [17/May/2011:15:21:45 -0500] "GET /progress/1122S04/1bbf2516.htm HTTP/1.1" 200 17030
67.142.168.22 - - [17/May/2011:15:21:49 -0500] "GET /progress/9122S15/1bc59221.htm HTTP/1.1" 200 8095
67.142.168.22 - - [17/May/2011:15:21:50 -0500] "GET /style.css HTTP/1.1" 200 2211
67.142.168.22 - - [17/May/2011:15:21:56 -0500] "GET /progress/2102S11/1bc59221.htm HTTP/1.1" 200 8082
67.142.168.22 - - [17/May/2011:15:21:56 -0500] "GET /style.css HTTP/1.1" 200 2211
216.114.112.177 - - [17/May/2011:15:22:32 -0500] "GET /smframe.htm HTTP/1.1" 200 571
216.114.112.177 - - [17/May/2011:15:22:32 -0500] "GET /smside_css.htm HTTP/1.1" 200 1745
216.114.112.177 - - [17/May/2011:15:22:32 -0500] "GET /smschool.htm HTTP/1.1" 200 1112
216.114.112.177 - - [17/May/2011:15:22:32 -0500] "GET /smmess.htm HTTP/1.1" 200 1148
216.114.112.177 - - [17/May/2011:15:22:32 -0500] "GET /smside.js HTTP/1.1" 200 6160
216.114.112.177 - - [17/May/2011:15:22:32 -0500] "GET /style_side.css HTTP/1.1" 200 896
216.114.112.177 - - [17/May/2011:15:22:32 -0500] "GET /viewoptions.js HTTP/1.1" 200 1600
216.114.112.177 - - [17/May/2011:15:22:32 -0500] "GET /style_side_div.css HTTP/1.1" 200 2278
216.114.112.177 - - [17/May/2011:15:22:32 -0500] "GET /style_top.css HTTP/1.1" 200 1207
216.114.112.177 - - [17/May/2011:15:22:32 -0500] "GET /style.css HTTP/1.1" 200 2211
216.114.112.177 - - [17/May/2011:15:22:32 -0500] "GET /images/form_arrow.gif HTTP/1.1" 200 85
216.114.112.177 - - [17/May/2011:15:22:32 -0500] "GET /images/frame_top.jpg HTTP/1.1" 200 16723
216.114.112.177 - - [17/May/2011:15:22:32 -0500] "GET /images/schoolmaster.gif HTTP/1.1" 200 3623
216.114.112.177 - - [17/May/2011:15:22:32 -0500] "GET /images/schoolhouse.gif HTTP/1.1" 200 5963
216.114.112.177 - - [17/May/2011:15:22:34 -0500] "GET /favicon.ico HTTP/1.1" 404 209
216.114.112.177 - - [17/May/2011:15:23:06 -0500] "GET /sched/1bba4611.htm HTTP/1.1" 200 5740
216.114.112.177 - - [17/May/2011:15:23:06 -0500] "GET /images/arrow.gif HTTP/1.1" 200 56
216.114.112.177 - - [17/May/2011:15:23:08 -0500] "GET /progress/2102S02/1bba4611.htm HTTP/1.1" 200 7651
166.137.143.45 - - [17/May/2011:15:23:20 -0500] "GET /smframe.htm HTTP/1.1" 200 571
166.137.143.45 - - [17/May/2011:15:23:21 -0500] "GET /smschool.htm HTTP/1.1" 200 1112
166.137.143.45 - - [17/May/2011:15:23:21 -0500] "GET /smmess.htm HTTP/1.1" 200 1148
166.137.143.45 - - [17/May/2011:15:23:21 -0500] "GET /smside_css.htm HTTP/1.1" 200 1745
166.137.143.45 - - [17/May/2011:15:23:21 -0500] "GET /viewoptions.js HTTP/1.1" 200 1600
166.137.143.45 - - [17/May/2011:15:23:22 -0500] "GET /style_top.css HTTP/1.1" 200 1207
166.137.143.45 - - [17/May/2011:15:23:22 -0500] "GET /style.css HTTP/1.1" 200 2211
166.137.143.45 - - [17/May/2011:15:23:22 -0500] "GET /smside.js HTTP/1.1" 200 6160
166.137.143.45 - - [17/May/2011:15:23:22 -0500] "GET /style_side.css HTTP/1.1" 200 896
166.137.143.45 - - [17/May/2011:15:23:22 -0500] "GET /style_side_div.css HTTP/1.1" 200 2278
166.137.143.45 - - [17/May/2011:15:23:22 -0500] "GET /images/frame_top.jpg HTTP/1.1" 200 16723
166.137.143.45 - - [17/May/2011:15:23:22 -0500] "GET /images/form_arrow.gif HTTP/1.1" 200 85
166.137.143.45 - - [17/May/2011:15:23:23 -0500] "GET /images/schoolmaster.gif HTTP/1.1" 200 3623
166.137.143.45 - - [17/May/2011:15:23:23 -0500] "GET /images/schoolhouse.gif HTTP/1.1" 200 5963
67.108.81.2 - - [17/May/2011:15:23:26 -0500] "GET /smframe.htm HTTP/1.1" 304 -
67.108.81.2 - - [17/May/2011:15:23:26 -0500] "GET /smside_css.htm HTTP/1.1" 304 -
67.108.81.2 - - [17/May/2011:15:23:26 -0500] "GET /smschool.htm HTTP/1.1" 304 -
67.108.81.2 - - [17/May/2011:15:23:26 -0500] "GET /smmess.htm HTTP/1.1" 304 -
67.108.81.2 - - [17/May/2011:15:23:26 -0500] "GET /viewoptions.js HTTP/1.1" 304 -
67.108.81.2 - - [17/May/2011:15:23:26 -0500] "GET /style_top.css HTTP/1.1" 304 -
67.108.81.2 - - [17/May/2011:15:23:26 -0500] "GET /style.css HTTP/1.1" 304 -
67.108.81.2 - - [17/May/2011:15:23:26 -0500] "GET /style_side_div.css HTTP/1.1" 304 -
67.108.81.2 - - [17/May/2011:15:23:26 -0500] "GET /smside.js HTTP/1.1" 304 -
67.108.81.2 - - [17/May/2011:15:23:26 -0500] "GET /style_side.css HTTP/1.1" 304 -
67.108.81.2 - - [17/May/2011:15:23:26 -0500] "GET /images/frame_top.jpg HTTP/1.1" 304 -
67.108.81.2 - - [17/May/2011:15:23:26 -0500] "GET /images/form_arrow.gif HTTP/1.1" 304 -
67.108.81.2 - - [17/May/2011:15:23:26 -0500] "GET /images/schoolhouse.gif HTTP/1.1" 304 -
67.108.81.2 - - [17/May/2011:15:23:26 -0500] "GET /images/schoolmaster.gif HTTP/1.1" 304 -
67.108.81.2 - - [17/May/2011:15:23:33 -0500] "GET /sched/1bcd3975.htm HTTP/1.1" 304 -
67.108.81.2 - - [17/May/2011:15:23:33 -0500] "GET /images/arrow.gif HTTP/1.1" 304 -
67.108.81.2 - - [17/May/2011:15:23:36 -0500] "GET /progress/5073M09/1bcd3975.htm HTTP/1.1" 304 -
166.137.143.45 - - [17/May/2011:15:23:56 -0500] "GET /sched/1bcb4952.htm HTTP/1.1" 200 6828
166.137.143.45 - - [17/May/2011:15:24:02 -0500] "GET /images/arrow.gif HTTP/1.1" 200 56
166.137.143.45 - - [17/May/2011:15:24:12 -0500] "GET /progress/706M04/1bcb4952.htm HTTP/1.1" 200 6361
216.114.112.177 - - [17/May/2011:15:24:36 -0500] "GET /sched/1bba4611.htm HTTP/1.1" 304 -
216.114.112.177 - - [17/May/2011:15:24:38 -0500] "GET /progress/9122S04/1bba4611.htm HTTP/1.1" 200 8533
216.114.112.177 - - [17/May/2011:15:24:43 -0500] "GET /sched/1bba4611.htm HTTP/1.1" 304 -
216.114.112.177 - - [17/May/2011:15:24:44 -0500] "GET /sched/1bba4611.htm HTTP/1.1" 304 -
216.114.112.177 - - [17/May/2011:15:24:45 -0500] "GET /progress/1132S03/1bba4611.htm HTTP/1.1" 200 14706
216.114.112.177 - - [17/May/2011:15:24:56 -0500] "GET /sched/1bba4611.htm HTTP/1.1" 304 -
216.114.112.177 - - [17/May/2011:15:24:58 -0500] "GET /progress/9021S02/1bba4611.htm HTTP/1.1" 200 19047
166.137.143.45 - - [17/May/2011:15:24:59 -0500] "GET /sched/1bcb4952.htm HTTP/1.1" 200 6828
166.137.143.45 - - [17/May/2011:15:25:11 -0500] "GET /progress/1067M01/1bcb4952.htm HTTP/1.1" 200 8704
216.114.112.177 - - [17/May/2011:15:25:21 -0500] "GET /sched/1b93c184.htm HTTP/1.1" 200 6815
216.114.112.177 - - [17/May/2011:15:25:22 -0500] "GET /style.css HTTP/1.1" 304 -
216.114.112.177 - - [17/May/2011:15:25:22 -0500] "GET /images/arrow.gif HTTP/1.1" 304 -
166.137.143.45 - - [17/May/2011:15:25:25 -0500] "GET /progress/226M08/1bcb4952.htm HTTP/1.1" 200 15211
216.114.112.177 - - [17/May/2011:15:25:25 -0500] "GET /progress/2056m06/1b93c184.htm HTTP/1.1" 200 15961
216.114.112.177 - - [17/May/2011:15:26:04 -0500] "GET /sched/1bba4611.htm HTTP/1.1" 304 -
216.114.112.177 - - [17/May/2011:15:26:05 -0500] "GET /progress/2102S02/1bba4611.htm HTTP/1.1" 304 -
216.114.112.177 - - [17/May/2011:15:26:09 -0500] "GET /sched/1bba4611.htm HTTP/1.1" 304 -
216.114.112.177 - - [17/May/2011:15:26:11 -0500] "GET /progress/3032S10/1bba4611.htm HTTP/1.1" 200 15090
216.114.112.177 - - [17/May/2011:15:26:34 -0500] "GET /sched/1bba4611.htm HTTP/1.1" 304 -
216.114.112.177 - - [17/May/2011:15:26:36 -0500] "GET /progress/5072S10/1bba4611.htm HTTP/1.1" 200 14793
166.137.143.45 - - [17/May/2011:15:26:37 -0500] "GET /progress/3063M08/1bcb4952.htm HTTP/1.1" 200 13285
216.114.112.177 - - [17/May/2011:15:26:45 -0500] "GET /sched/1bba4611.htm HTTP/1.1" 304 -
216.114.112.177 - - [17/May/2011:15:26:46 -0500] "GET /progress/5283S11/1bba4611.htm HTTP/1.1" 200 10923
166.137.143.45 - - [17/May/2011:15:27:44 -0500] "GET /progress/5063M08/1bcb4952.htm HTTP/1.1" 200 10637
216.114.112.177 - - [17/May/2011:15:27:49 -0500] "GET /sched/1bba4611.htm HTTP/1.1" 304 -
216.114.112.177 - - [17/May/2011:15:27:51 -0500] "GET /progress/3032S10/1bba4611.htm HTTP/1.1" 304 -
216.114.112.177 - - [17/May/2011:15:27:52 -0500] "GET /sched/1bba4611.htm HTTP/1.1" 304 -
65.87.46.190 - - [17/May/2011:15:28:02 -0500] "GET /sched/1b963347.htm HTTP/1.1" 304 -
65.87.46.190 - - [17/May/2011:15:28:06 -0500] "GET /progress/5053M01/1b963347.htm HTTP/1.1" 304 -
24.171.51.232 - - [17/May/2011:15:28:18 -0500] "GET /smschool.htm HTTP/1.1" 304 -
166.137.143.45 - - [17/May/2011:15:28:19 -0500] "GET /progress/4062M10/1bcb4952.htm HTTP/1.1" 200 11493
24.171.51.232 - - [17/May/2011:15:28:33 -0500] "GET /sched/1bc82199.htm HTTP/1.1" 304 -
24.171.51.232 - - [17/May/2011:15:28:35 -0500] "GET /progress/4061S10/1bc82199.htm HTTP/1.1" 304 -
24.171.51.232 - - [17/May/2011:15:29:05 -0500] "GET /progress/1061S03/1bc82199.htm HTTP/1.1" 304 -
216.114.114.99 - - [17/May/2011:15:29:25 -0500] "GET /smframe.htm HTTP/1.1" 200 571
216.114.114.99 - - [17/May/2011:15:29:25 -0500] "GET /smside_css.htm HTTP/1.1" 200 1745
216.114.114.99 - - [17/May/2011:15:29:25 -0500] "GET /smschool.htm HTTP/1.1" 200 1112
216.114.114.99 - - [17/May/2011:15:29:25 -0500] "GET /smmess.htm HTTP/1.1" 200 1148
216.114.114.99 - - [17/May/2011:15:29:25 -0500] "GET /viewoptions.js HTTP/1.1" 200 1600
216.114.114.99 - - [17/May/2011:15:29:25 -0500] "GET /smside.js HTTP/1.1" 200 6160
216.114.114.99 - - [17/May/2011:15:29:25 -0500] "GET /style_side_div.css HTTP/1.1" 200 2278
216.114.114.99 - - [17/May/2011:15:29:25 -0500] "GET /style_top.css HTTP/1.1" 200 1207
216.114.114.99 - - [17/May/2011:15:29:25 -0500] "GET /style_side.css HTTP/1.1" 200 896
216.114.114.99 - - [17/May/2011:15:29:25 -0500] "GET /style.css HTTP/1.1" 200 2211
216.114.114.99 - - [17/May/2011:15:29:25 -0500] "GET /images/form_arrow.gif HTTP/1.1" 200 85
216.114.114.99 - - [17/May/2011:15:29:25 -0500] "GET /images/schoolmaster.gif HTTP/1.1" 200 3623
216.114.114.99 - - [17/May/2011:15:29:25 -0500] "GET /images/schoolhouse.gif HTTP/1.1" 200 5963
216.114.114.99 - - [17/May/2011:15:29:25 -0500] "GET /images/frame_top.jpg HTTP/1.1" 200 16723
216.114.114.99 - - [17/May/2011:15:29:25 -0500] "GET /favicon.ico HTTP/1.1" 404 209
24.171.51.232 - - [17/May/2011:15:29:30 -0500] "GET /progress/7021S08/1bc82199.htm HTTP/1.1" 304 -
24.171.51.232 - - [17/May/2011:15:29:36 -0500] "GET /progress/5062S08/1bc82199.htm HTTP/1.1" 304 -
216.114.114.99 - - [17/May/2011:15:29:41 -0500] "GET /sched/1b93d185.htm HTTP/1.1" 200 6821
216.114.114.99 - - [17/May/2011:15:29:41 -0500] "GET /images/arrow.gif HTTP/1.1" 200 56
216.114.114.99 - - [17/May/2011:15:29:47 -0500] "GET /progress/2056M04/1b93d185.htm HTTP/1.1" 200 16087
24.171.51.232 - - [17/May/2011:15:29:49 -0500] "GET /progress/5222S11/1bc82199.htm HTTP/1.1" 200 12562
216.114.114.99 - - [17/May/2011:15:30:03 -0500] "GET /progress/4052M04/1b93d185.htm HTTP/1.1" 200 9184
216.114.114.99 - - [17/May/2011:15:30:16 -0500] "GET /progress/105M05/1b93d185.htm HTTP/1.1" 200 13295
216.114.114.99 - - [17/May/2011:15:30:31 -0500] "GET /progress/3053M05/1b93d185.htm HTTP/1.1" 200 12694
216.114.114.99 - - [17/May/2011:15:30:42 -0500] "GET /progress/5053M06/1b93d185.htm HTTP/1.1" 200 10284
216.114.114.99 - - [17/May/2011:15:30:53 -0500] "GET /progress/8052M03/1b93d185.htm HTTP/1.1" 200 6002
216.114.114.99 - - [17/May/2011:15:31:01 -0500] "GET /progress/7052M04/1b93d185.htm HTTP/1.1" 200 5502
216.114.114.99 - - [17/May/2011:15:31:05 -0500] "GET /progress/994M06/1b93d185.htm HTTP/1.1" 200 10159
216.114.114.99 - - [17/May/2011:15:31:16 -0500] "GET /fees/1b93d185.htm HTTP/1.1" 200 2711
216.114.114.99 - - [17/May/2011:15:31:25 -0500] "GET /calendar5.htm HTTP/1.1" 200 3746
216.114.114.99 - - [17/May/2011:15:31:45 -0500] "GET /sched/1b93d185.htm HTTP/1.1" 304 -
216.114.114.99 - - [17/May/2011:15:31:48 -0500] "GET /marks/1b93d185.htm HTTP/1.1" 200 4060
216.114.112.177 - - [17/May/2011:15:35:33 -0500] "GET /sched/1b93c184.htm HTTP/1.1" 304 -
216.114.112.177 - - [17/May/2011:15:35:36 -0500] "GET /progress/4052M06/1b93c184.htm HTTP/1.1" 200 9091
12.179.62.26 - - [17/May/2011:15:36:31 -0500] "GET /smframe.htm HTTP/1.1" 200 571
12.179.62.26 - - [17/May/2011:15:36:31 -0500] "GET /smside_css.htm HTTP/1.1" 200 1745
12.179.62.26 - - [17/May/2011:15:36:31 -0500] "GET /smschool.htm HTTP/1.1" 200 1112
12.179.62.26 - - [17/May/2011:15:36:31 -0500] "GET /smmess.htm HTTP/1.1" 200 1148
12.179.62.26 - - [17/May/2011:15:36:32 -0500] "GET /viewoptions.js HTTP/1.1" 200 1600
12.179.62.26 - - [17/May/2011:15:36:32 -0500] "GET /smside.js HTTP/1.1" 200 6160
12.179.62.26 - - [17/May/2011:15:36:32 -0500] "GET /style_side.css HTTP/1.1" 200 896
12.179.62.26 - - [17/May/2011:15:36:32 -0500] "GET /style_side_div.css HTTP/1.1" 200 2278
12.179.62.26 - - [17/May/2011:15:36:32 -0500] "GET /style_top.css HTTP/1.1" 200 1207
12.179.62.26 - - [17/May/2011:15:36:32 -0500] "GET /style.css HTTP/1.1" 200 2211
12.179.62.26 - - [17/May/2011:15:36:33 -0500] "GET /images/form_arrow.gif HTTP/1.1" 200 85
12.179.62.26 - - [17/May/2011:15:36:33 -0500] "GET /images/frame_top.jpg HTTP/1.1" 200 16723
12.179.62.26 - - [17/May/2011:15:36:33 -0500] "GET /images/schoolhouse.gif HTTP/1.1" 200 5963
12.179.62.26 - - [17/May/2011:15:36:33 -0500] "GET /images/schoolmaster.gif HTTP/1.1" 200 3623
12.179.62.26 - - [17/May/2011:15:36:33 -0500] "GET /favicon.ico HTTP/1.1" 404 209
65.87.51.126 - - [17/May/2011:15:36:40 -0500] "GET /smframe.htm HTTP/1.1" 200 571
65.87.51.126 - - [17/May/2011:15:36:41 -0500] "GET /smside_css.htm HTTP/1.1" 200 1745
65.87.51.126 - - [17/May/2011:15:36:41 -0500] "GET /smschool.htm HTTP/1.1" 200 1112
65.87.51.126 - - [17/May/2011:15:36:41 -0500] "GET /smmess.htm HTTP/1.1" 200 1148
65.87.51.126 - - [17/May/2011:15:36:41 -0500] "GET /viewoptions.js HTTP/1.1" 200 1600
65.87.51.126 - - [17/May/2011:15:36:41 -0500] "GET /style_top.css HTTP/1.1" 200 1207
65.87.51.126 - - [17/May/2011:15:36:41 -0500] "GET /style_side_div.css HTTP/1.1" 200 2278
65.87.51.126 - - [17/May/2011:15:36:41 -0500] "GET /smside.js HTTP/1.1" 200 6160
65.87.51.126 - - [17/May/2011:15:36:41 -0500] "GET /style_side.css HTTP/1.1" 200 896
65.87.51.126 - - [17/May/2011:15:36:41 -0500] "GET /style.css HTTP/1.1" 200 2211
65.87.51.126 - - [17/May/2011:15:36:41 -0500] "GET /images/frame_top.jpg HTTP/1.1" 200 16723
65.87.51.126 - - [17/May/2011:15:36:41 -0500] "GET /images/form_arrow.gif HTTP/1.1" 200 85
65.87.51.126 - - [17/May/2011:15:36:41 -0500] "GET /images/schoolmaster.gif HTTP/1.1" 200 3623
65.87.51.126 - - [17/May/2011:15:36:41 -0500] "GET /images/schoolhouse.gif HTTP/1.1" 200 5963
65.87.51.126 - - [17/May/2011:15:36:42 -0500] "GET /favicon.ico HTTP/1.1" 404 209
12.179.62.26 - - [17/May/2011:15:36:47 -0500] "GET /sched/1bb3e147.htm HTTP/1.1" 404 216
65.87.51.126 - - [17/May/2011:15:37:02 -0500] "GET /sched/1bf60207.htm HTTP/1.1" 200 6263
65.87.51.126 - - [17/May/2011:15:37:02 -0500] "GET /images/arrow.gif HTTP/1.1" 200 56
65.87.51.126 - - [17/May/2011:15:37:09 -0500] "GET /progress/9092S01/1bf60207.htm HTTP/1.1" 200 7762
65.87.51.126 - - [17/May/2011:15:37:35 -0500] "GET /progress/1042S04/1bf60207.htm HTTP/1.1" 200 11694
65.87.51.126 - - [17/May/2011:15:38:01 -0500] "GET /sched/1bf60207.htm HTTP/1.1" 304 -
65.87.51.126 - - [17/May/2011:15:38:05 -0500] "GET /progress/8071S03/1bf60207.htm HTTP/1.1" 200 11215
65.87.51.126 - - [17/May/2011:15:38:21 -0500] "GET /sched/1bf60207.htm HTTP/1.1" 304 -
65.87.51.126 - - [17/May/2011:15:38:26 -0500] "GET /progress/3052S04/1bf60207.htm HTTP/1.1" 200 23662
65.87.51.126 - - [17/May/2011:15:38:42 -0500] "GET /sched/1bf60207.htm HTTP/1.1" 304 -
65.87.51.126 - - [17/May/2011:15:38:52 -0500] "GET /progress/5022S01/1bf60207.htm HTTP/1.1" 200 9274
209.184.145.65 - - [17/May/2011:15:38:57 -0500] "GET /smframe.htm HTTP/1.1" 304 -
209.184.145.65 - - [17/May/2011:15:38:57 -0500] "GET /smside_css.htm HTTP/1.1" 304 -
209.184.145.65 - - [17/May/2011:15:38:57 -0500] "GET /smschool.htm HTTP/1.1" 304 -
209.184.145.65 - - [17/May/2011:15:38:57 -0500] "GET /smmess.htm HTTP/1.1" 304 -
209.184.145.65 - - [17/May/2011:15:38:57 -0500] "GET /viewoptions.js HTTP/1.1" 304 -
209.184.145.65 - - [17/May/2011:15:38:57 -0500] "GET /style.css HTTP/1.1" 304 -
209.184.145.65 - - [17/May/2011:15:38:57 -0500] "GET /smside.js HTTP/1.1" 304 -
209.184.145.65 - - [17/May/2011:15:38:57 -0500] "GET /style_top.css HTTP/1.1" 304 -
209.184.145.65 - - [17/May/2011:15:38:57 -0500] "GET /images/form_arrow.gif HTTP/1.1" 304 -
209.184.145.65 - - [17/May/2011:15:38:57 -0500] "GET /style_side.css HTTP/1.1" 304 -
209.184.145.65 - - [17/May/2011:15:38:57 -0500] "GET /style_side_div.css HTTP/1.1" 304 -
209.184.145.65 - - [17/May/2011:15:38:58 -0500] "GET /images/frame_top.jpg HTTP/1.1" 304 -
209.184.145.65 - - [17/May/2011:15:38:58 -0500] "GET /images/schoolmaster.gif HTTP/1.1" 304 -
209.184.145.65 - - [17/May/2011:15:38:58 -0500] "GET /images/schoolhouse.gif HTTP/1.1" 304 -
65.87.51.126 - - [17/May/2011:15:39:05 -0500] "GET /sched/1bf60207.htm HTTP/1.1" 304 -
209.184.145.65 - - [17/May/2011:15:39:06 -0500] "GET /sched/1b990612.htm HTTP/1.1" 304 -
209.184.145.65 - - [17/May/2011:15:39:06 -0500] "GET /images/arrow.gif HTTP/1.1" 304 -
216.114.108.177 - - [17/May/2011:15:39:08 -0500] "GET /District/smframe.htm HTTP/1.1" 404 218
209.184.145.65 - - [17/May/2011:15:39:10 -0500] "GET /progress/107M04/1b990612.htm HTTP/1.1" 304 -
65.87.51.126 - - [17/May/2011:15:39:13 -0500] "GET /progress/4012S06/1bf60207.htm HTTP/1.1" 200 12181
65.87.51.126 - - [17/May/2011:15:39:22 -0500] "GET /sched/1bf60207.htm HTTP/1.1" 304 -
216.114.112.177 - - [17/May/2011:15:39:32 -0500] "GET /smframe.htm HTTP/1.1" 200 571
216.114.112.177 - - [17/May/2011:15:39:32 -0500] "GET /smside_css.htm HTTP/1.1" 200 1745
216.114.112.177 - - [17/May/2011:15:39:32 -0500] "GET /smschool.htm HTTP/1.1" 200 1112
216.114.112.177 - - [17/May/2011:15:39:32 -0500] "GET /smmess.htm HTTP/1.1" 200 1148
216.114.112.177 - - [17/May/2011:15:39:32 -0500] "GET /viewoptions.js HTTP/1.1" 200 1600
216.114.112.177 - - [17/May/2011:15:39:32 -0500] "GET /style.css HTTP/1.1" 200 2211
216.114.112.177 - - [17/May/2011:15:39:32 -0500] "GET /smside.js HTTP/1.1" 200 6160
216.114.112.177 - - [17/May/2011:15:39:32 -0500] "GET /style_top.css HTTP/1.1" 200 1207
216.114.112.177 - - [17/May/2011:15:39:32 -0500] "GET /images/form_arrow.gif HTTP/1.1" 200 85
216.114.112.177 - - [17/May/2011:15:39:32 -0500] "GET /style_side.css HTTP/1.1" 200 896
216.114.112.177 - - [17/May/2011:15:39:33 -0500] "GET /images/frame_top.jpg HTTP/1.1" 200 16723
216.114.112.177 - - [17/May/2011:15:39:33 -0500] "GET /style_side_div.css HTTP/1.1" 200 2278
216.114.112.177 - - [17/May/2011:15:39:33 -0500] "GET /images/schoolmaster.gif HTTP/1.1" 200 3623
216.114.112.177 - - [17/May/2011:15:39:33 -0500] "GET /images/schoolhouse.gif HTTP/1.1" 200 5963
65.87.51.126 - - [17/May/2011:15:39:39 -0500] "GET /progress/4041S03/1bf60207.htm HTTP/1.1" 200 11630
216.114.112.177 - - [17/May/2011:15:39:48 -0500] "GET /sched/1b93c184.htm HTTP/1.1" 304 -
216.114.108.177 - - [17/May/2011:15:39:50 -0500] "GET /District/smframe.htm HTTP/1.1" 404 218
216.114.112.177 - - [17/May/2011:15:39:50 -0500] "GET /progress/3053M04/1b93c184.htm HTTP/1.1" 200 12666
65.87.51.126 - - [17/May/2011:15:39:50 -0500] "GET /sched/1bf60207.htm HTTP/1.1" 304 -
65.87.60.58 - - [17/May/2011:15:40:05 -0500] "GET /progress/2092S04/1bf60207.htm HTTP/1.1" 200 19151
99.191.180.137 - - [17/May/2011:15:40:31 -0500] "GET /smframe.htm HTTP/1.1" 200 571
216.114.112.177 - - [17/May/2011:15:40:32 -0500] "GET /sched/1bf60207.htm HTTP/1.1" 200 6263
99.191.180.137 - - [17/May/2011:15:40:32 -0500] "GET /smside_css.htm HTTP/1.1" 200 1745
99.191.180.137 - - [17/May/2011:15:40:32 -0500] "GET /smschool.htm HTTP/1.1" 200 1112
216.114.112.177 - - [17/May/2011:15:40:32 -0500] "GET /images/arrow.gif HTTP/1.1" 200 56
216.114.108.177 - - [17/May/2011:15:40:32 -0500] "GET /smframe.htm HTTP/1.1" 200 571
99.191.180.137 - - [17/May/2011:15:40:32 -0500] "GET /smmess.htm HTTP/1.1" 200 1148
99.191.180.137 - - [17/May/2011:15:40:32 -0500] "GET /viewoptions.js HTTP/1.1" 200 1600
216.114.108.177 - - [17/May/2011:15:40:32 -0500] "GET /smside_css.htm HTTP/1.1" 200 1745
216.114.108.177 - - [17/May/2011:15:40:32 -0500] "GET /smschool.htm HTTP/1.1" 200 1112
216.114.108.177 - - [17/May/2011:15:40:32 -0500] "GET /smmess.htm HTTP/1.1" 200 1148
216.114.108.177 - - [17/May/2011:15:40:32 -0500] "GET /viewoptions.js HTTP/1.1" 200 1600
216.114.108.177 - - [17/May/2011:15:40:32 -0500] "GET /smside.js HTTP/1.1" 200 6160
216.114.108.177 - - [17/May/2011:15:40:32 -0500] "GET /style_top.css HTTP/1.1" 200 1207
216.114.108.177 - - [17/May/2011:15:40:32 -0500] "GET /style_side_div.css HTTP/1.1" 200 2278
99.191.180.137 - - [17/May/2011:15:40:32 -0500] "GET /style.css HTTP/1.1" 200 2211
216.114.108.177 - - [17/May/2011:15:40:32 -0500] "GET /style_side.css HTTP/1.1" 200 896
99.191.180.137 - - [17/May/2011:15:40:32 -0500] "GET /smside.js HTTP/1.1" 200 6160
216.114.108.177 - - [17/May/2011:15:40:32 -0500] "GET /style.css HTTP/1.1" 200 2211
216.114.108.177 - - [17/May/2011:15:40:32 -0500] "GET /images/frame_top.jpg HTTP/1.1" 200 16723
216.114.108.177 - - [17/May/2011:15:40:32 -0500] "GET /images/form_arrow.gif HTTP/1.1" 200 85
216.114.108.177 - - [17/May/2011:15:40:32 -0500] "GET /images/schoolmaster.gif HTTP/1.1" 200 3623
216.114.108.177 - - [17/May/2011:15:40:32 -0500] "GET /images/schoolhouse.gif HTTP/1.1" 200 5963
99.191.180.137 - - [17/May/2011:15:40:32 -0500] "GET /style_top.css HTTP/1.1" 200 1207
99.191.180.137 - - [17/May/2011:15:40:32 -0500] "GET /style_side.css HTTP/1.1" 200 896
99.191.180.137 - - [17/May/2011:15:40:32 -0500] "GET /images/form_arrow.gif HTTP/1.1" 200 85
216.114.108.177 - - [17/May/2011:15:40:32 -0500] "GET /favicon.ico HTTP/1.1" 404 209
99.191.180.137 - - [17/May/2011:15:40:32 -0500] "GET /style_side_div.css HTTP/1.1" 200 2278
99.191.180.137 - - [17/May/2011:15:40:33 -0500] "GET /images/frame_top.jpg HTTP/1.1" 200 16723
99.191.180.137 - - [17/May/2011:15:40:33 -0500] "GET /images/schoolmaster.gif HTTP/1.1" 200 3623
99.191.180.137 - - [17/May/2011:15:40:33 -0500] "GET /images/schoolhouse.gif HTTP/1.1" 200 5963
216.114.112.177 - - [17/May/2011:15:40:34 -0500] "GET /progress/9092S01/1bf60207.htm HTTP/1.1" 200 7762
216.114.112.177 - - [17/May/2011:15:40:37 -0500] "GET /sched/1bf60207.htm HTTP/1.1" 304 -
216.114.112.177 - - [17/May/2011:15:40:39 -0500] "GET /progress/1042S04/1bf60207.htm HTTP/1.1" 200 11694
99.191.180.137 - - [17/May/2011:15:40:41 -0500] "GET /sched/1ba30865.htm HTTP/1.1" 200 6191
99.191.180.137 - - [17/May/2011:15:40:41 -0500] "GET /images/arrow.gif HTTP/1.1" 200 56
216.114.108.177 - - [17/May/2011:15:40:42 -0500] "GET /sched/1b8f0808.htm HTTP/1.1" 200 7309
216.114.108.177 - - [17/May/2011:15:40:42 -0500] "GET /images/arrow.gif HTTP/1.1" 200 56
99.191.180.137 - - [17/May/2011:15:40:44 -0500] "GET /progress/1067M01/1ba30865.htm HTTP/1.1" 200 8693
216.114.112.177 - - [17/May/2011:15:40:47 -0500] "GET /sched/1bf60207.htm HTTP/1.1" 304 -
216.114.112.177 - - [17/May/2011:15:40:49 -0500] "GET /progress/8071S03/1bf60207.htm HTTP/1.1" 200 11215
216.114.112.177 - - [17/May/2011:15:40:52 -0500] "GET /sched/1bf60207.htm HTTP/1.1" 304 -
216.114.112.177 - - [17/May/2011:15:40:53 -0500] "GET /progress/3052S04/1bf60207.htm HTTP/1.1" 200 23662
99.191.180.137 - - [17/May/2011:15:40:54 -0500] "GET /progress/226M04/1ba30865.htm HTTP/1.1" 200 15234
216.114.112.177 - - [17/May/2011:15:40:59 -0500] "GET /sched/1b93c184.htm HTTP/1.1" 304 -
209.184.145.65 - - [17/May/2011:15:40:59 -0500] "GET /sched/1b990612.htm HTTP/1.1" 304 -
209.184.145.65 - - [17/May/2011:15:41:02 -0500] "GET /progress/5073M04/1b990612.htm HTTP/1.1" 304 -
216.114.112.177 - - [17/May/2011:15:41:04 -0500] "GET /progress/105M04/1b93c184.htm HTTP/1.1" 200 13304
209.184.145.65 - - [17/May/2011:15:41:05 -0500] "GET /sched/1b990612.htm HTTP/1.1" 304 -
99.191.180.137 - - [17/May/2011:15:41:06 -0500] "GET /progress/39601/1ba30865.htm HTTP/1.1" 200 16862
209.184.145.65 - - [17/May/2011:15:41:07 -0500] "GET /progress/107M04/1b990612.htm HTTP/1.1" 304 -
216.114.108.177 - - [17/May/2011:15:41:08 -0500] "GET /progress/5063M03/1b8f0808.htm HTTP/1.1" 200 10614
209.184.145.65 - - [17/May/2011:15:41:13 -0500] "GET /sched/1b990612.htm HTTP/1.1" 304 -
209.184.145.65 - - [17/May/2011:15:41:16 -0500] "GET /progress/217M05/1b990612.htm HTTP/1.1" 304 -
99.191.180.137 - - [17/May/2011:15:41:19 -0500] "GET /progress/4062M09/1ba30865.htm HTTP/1.1" 200 11488
209.184.145.65 - - [17/May/2011:15:41:28 -0500] "GET /sched/1b990612.htm HTTP/1.1" 304 -
99.191.180.137 - - [17/May/2011:15:41:30 -0500] "GET /progress/5063M09/1ba30865.htm HTTP/1.1" 200 10644
216.114.112.177 - - [17/May/2011:15:41:30 -0500] "GET /sched/1bf60207.htm HTTP/1.1" 304 -
216.114.112.177 - - [17/May/2011:15:41:33 -0500] "GET /progress/5022S01/1bf60207.htm HTTP/1.1" 200 9274
209.184.145.65 - - [17/May/2011:15:41:34 -0500] "GET /progress/4072M05/1b990612.htm HTTP/1.1" 304 -
209.184.145.65 - - [17/May/2011:15:41:37 -0500] "GET /sched/1b990612.htm HTTP/1.1" 304 -
209.184.145.65 - - [17/May/2011:15:41:38 -0500] "GET /progress/3074M08/1b990612.htm HTTP/1.1" 304 -
216.114.112.177 - - [17/May/2011:15:41:42 -0500] "GET /sched/1bf60207.htm HTTP/1.1" 304 -
209.184.145.65 - - [17/May/2011:15:41:42 -0500] "GET /sched/1b990612.htm HTTP/1.1" 304 -
216.114.112.177 - - [17/May/2011:15:41:44 -0500] "GET /progress/4012S06/1bf60207.htm HTTP/1.1" 200 12181
209.184.145.65 - - [17/May/2011:15:41:45 -0500] "GET /progress/480M02/1b990612.htm HTTP/1.1" 304 -
216.114.112.177 - - [17/May/2011:15:41:49 -0500] "GET /sched/1bf60207.htm HTTP/1.1" 304 -
209.184.145.65 - - [17/May/2011:15:41:50 -0500] "GET /sched/1b990612.htm HTTP/1.1" 304 -
216.114.112.177 - - [17/May/2011:15:41:51 -0500] "GET /progress/4041S03/1bf60207.htm HTTP/1.1" 200 11630
216.114.112.177 - - [17/May/2011:15:41:55 -0500] "GET /sched/1bf60207.htm HTTP/1.1" 304 -
216.114.112.177 - - [17/May/2011:15:41:58 -0500] "GET /progress/2092S04/1bf60207.htm HTTP/1.1" 200 19151
216.114.108.177 - - [17/May/2011:15:42:06 -0500] "GET /progress/226M04/1b8f0808.htm HTTP/1.1" 200 15221
216.114.108.177 - - [17/May/2011:15:42:19 -0500] "GET /sched/1b8f0808.htm HTTP/1.1" 304 -
65.87.60.58 - - [17/May/2011:15:42:23 -0500] "GET /sched/1bf5e483.htm HTTP/1.1" 200 5770
216.114.108.177 - - [17/May/2011:15:42:23 -0500] "GET /progress/1067M07/1b8f0808.htm HTTP/1.1" 200 8694
65.87.60.58 - - [17/May/2011:15:42:27 -0500] "GET /progress/2092S11/1bf5e483.htm HTTP/1.1" 200 23921
65.87.60.58 - - [17/May/2011:15:42:52 -0500] "GET /progress/3052S03/1bf5e483.htm HTTP/1.1" 200 23676
65.87.60.58 - - [17/May/2011:15:43:03 -0500] "GET /sched/1bf5e483.htm HTTP/1.1" 304 -
216.114.108.177 - - [17/May/2011:15:43:04 -0500] "GET /sched/1b8f0808.htm HTTP/1.1" 304 -
209.184.145.65 - - [17/May/2011:15:43:04 -0500] "GET /progress/5073M04/1b990612.htm HTTP/1.1" 304 -
216.114.108.177 - - [17/May/2011:15:43:08 -0500] "GET /progress/616M01/1b8f0808.htm HTTP/1.1" 200 5226
65.87.60.58 - - [17/May/2011:15:43:11 -0500] "GET /sched/1bf5e483.htm HTTP/1.1" 304 -
216.114.108.177 - - [17/May/2011:15:43:14 -0500] "GET /sched/1b8f0808.htm HTTP/1.1" 304 -
216.114.108.177 - - [17/May/2011:15:43:17 -0500] "GET /progress/6062M05/1b8f0808.htm HTTP/1.1" 200 4072
216.114.108.177 - - [17/May/2011:15:43:20 -0500] "GET /sched/1b8f0808.htm HTTP/1.1" 304 -
65.87.60.58 - - [17/May/2011:15:43:21 -0500] "GET /progress/4012S02/1bf5e483.htm HTTP/1.1" 200 13387
216.114.108.177 - - [17/May/2011:15:43:22 -0500] "GET /progress/4062M09/1b8f0808.htm HTTP/1.1" 200 11495
216.114.108.177 - - [17/May/2011:15:43:32 -0500] "GET /sched/1b8f0808.htm HTTP/1.1" 304 -
216.114.108.177 - - [17/May/2011:15:43:38 -0500] "GET /progress/566M08/1b8f0808.htm HTTP/1.1" 200 6061
65.87.60.58 - - [17/May/2011:15:43:38 -0500] "GET /sched/1bf5e483.htm HTTP/1.1" 304 -
65.87.60.58 - - [17/May/2011:15:43:41 -0500] "GET /sched/1bf5e483.htm HTTP/1.1" 304 -
65.87.60.58 - - [17/May/2011:15:43:45 -0500] "GET /progress/7012S04/1bf5e483.htm HTTP/1.1" 200 17031
65.87.60.58 - - [17/May/2011:15:43:54 -0500] "GET /sched/1bf5e483.htm HTTP/1.1" 304 -
65.87.60.58 - - [17/May/2011:15:44:04 -0500] "GET /progress/9152S11/1bf5e483.htm HTTP/1.1" 200 7236
216.114.108.177 - - [17/May/2011:15:44:05 -0500] "GET /sched/1b8f0808.htm HTTP/1.1" 304 -
216.114.108.177 - - [17/May/2011:15:44:10 -0500] "GET /progress/3063M09/1b8f0808.htm HTTP/1.1" 200 13311
65.87.60.58 - - [17/May/2011:15:44:14 -0500] "GET /sched/1bf5e483.htm HTTP/1.1" 304 -
65.87.60.58 - - [17/May/2011:15:44:18 -0500] "GET /progress/1042S08/1bf5e483.htm HTTP/1.1" 200 14885
65.87.60.58 - - [17/May/2011:15:44:29 -0500] "GET /sched/1bf5e483.htm HTTP/1.1" 304 -
65.87.60.58 - - [17/May/2011:15:44:33 -0500] "GET /progress/5072S11/1bf5e483.htm HTTP/1.1" 200 14752
65.87.60.58 - - [17/May/2011:15:44:47 -0500] "GET /sched/1bf5e483.htm HTTP/1.1" 304 -
216.114.108.177 - - [17/May/2011:15:45:32 -0500] "GET /sched/1b8f0808.htm HTTP/1.1" 304 -
216.114.108.177 - - [17/May/2011:15:45:37 -0500] "GET /progress/PE6M11/1b8f0808.htm HTTP/1.1" 200 6484
144.191.148.3 - - [17/May/2011:15:46:37 -0500] "GET /smframe.htm HTTP/1.1" 200 571
144.191.148.3 - - [17/May/2011:15:46:37 -0500] "GET /smside_css.htm HTTP/1.1" 200 1745
144.191.148.3 - - [17/May/2011:15:46:37 -0500] "GET /smschool.htm HTTP/1.1" 200 1112
144.191.148.3 - - [17/May/2011:15:46:37 -0500] "GET /viewoptions.js HTTP/1.1" 200 1600
144.191.148.3 - - [17/May/2011:15:46:37 -0500] "GET /smmess.htm HTTP/1.1" 200 1148
144.191.148.3 - - [17/May/2011:15:46:37 -0500] "GET /smside.js HTTP/1.1" 200 6160
144.191.148.3 - - [17/May/2011:15:46:37 -0500] "GET /style_top.css HTTP/1.1" 200 1207
144.191.148.3 - - [17/May/2011:15:46:37 -0500] "GET /style.css HTTP/1.1" 200 2211
144.191.148.3 - - [17/May/2011:15:46:37 -0500] "GET /style_side.css HTTP/1.1" 200 896
144.191.148.3 - - [17/May/2011:15:46:37 -0500] "GET /images/frame_top.jpg HTTP/1.1" 200 16723
144.191.148.3 - - [17/May/2011:15:46:37 -0500] "GET /style_side_div.css HTTP/1.1" 200 2278
144.191.148.3 - - [17/May/2011:15:46:37 -0500] "GET /images/form_arrow.gif HTTP/1.1" 200 85
24.217.26.235 - - [17/May/2011:15:46:37 -0500] "GET /smframe.htm HTTP/1.1" 200 571
144.191.148.3 - - [17/May/2011:15:46:37 -0500] "GET /images/schoolhouse.gif HTTP/1.1" 200 5963
144.191.148.3 - - [17/May/2011:15:46:37 -0500] "GET /images/schoolmaster.gif HTTP/1.1" 200 3623
24.217.26.235 - - [17/May/2011:15:46:37 -0500] "GET /smside_css.htm HTTP/1.1" 200 1745
24.217.26.235 - - [17/May/2011:15:46:37 -0500] "GET /smschool.htm HTTP/1.1" 200 1112
24.217.26.235 - - [17/May/2011:15:46:37 -0500] "GET /smmess.htm HTTP/1.1" 200 1148
24.217.26.235 - - [17/May/2011:15:46:37 -0500] "GET /viewoptions.js HTTP/1.1" 200 1600
24.217.26.235 - - [17/May/2011:15:46:37 -0500] "GET /smside.js HTTP/1.1" 200 6160
24.217.26.235 - - [17/May/2011:15:46:37 -0500] "GET /style_side.css HTTP/1.1" 200 896
24.217.26.235 - - [17/May/2011:15:46:37 -0500] "GET /style_top.css HTTP/1.1" 200 1207
24.217.26.235 - - [17/May/2011:15:46:37 -0500] "GET /style.css HTTP/1.1" 200 2211
24.217.26.235 - - [17/May/2011:15:46:37 -0500] "GET /style_side_div.css HTTP/1.1" 200 2278
24.217.26.235 - - [17/May/2011:15:46:38 -0500] "GET /images/frame_top.jpg HTTP/1.1" 200 16723
24.217.26.235 - - [17/May/2011:15:46:38 -0500] "GET /images/form_arrow.gif HTTP/1.1" 200 85
24.217.26.235 - - [17/May/2011:15:46:38 -0500] "GET /images/schoolmaster.gif HTTP/1.1" 200 3623
24.217.26.235 - - [17/May/2011:15:46:38 -0500] "GET /images/schoolhouse.gif HTTP/1.1" 200 5963
144.191.148.3 - - [17/May/2011:15:46:42 -0500] "GET /sched/1b967830.htm HTTP/1.1" 200 7340
144.191.148.3 - - [17/May/2011:15:46:42 -0500] "GET /images/arrow.gif HTTP/1.1" 200 56
144.191.148.3 - - [17/May/2011:15:46:45 -0500] "GET /progress/3063M05/1b967830.htm HTTP/1.1" 200 13276
24.217.26.235 - - [17/May/2011:15:46:48 -0500] "GET /fees/1b8d9175.htm HTTP/1.1" 200 2977
144.191.148.3 - - [17/May/2011:15:46:49 -0500] "GET /sched/1b967830.htm HTTP/1.1" 304 -
24.217.26.235 - - [17/May/2011:15:46:49 -0500] "GET /sched/1b8d9175.htm HTTP/1.1" 200 6794
24.217.26.235 - - [17/May/2011:15:46:49 -0500] "GET /images/arrow.gif HTTP/1.1" 200 56
144.191.148.3 - - [17/May/2011:15:46:50 -0500] "GET /progress/226MO11/1b967830.htm HTTP/1.1" 200 15209
24.217.26.235 - - [17/May/2011:15:46:53 -0500] "GET /progress/218M03/1b8d9175.htm HTTP/1.1" 200 23421
144.191.148.3 - - [17/May/2011:15:47:49 -0500] "GET /sched/1b967830.htm HTTP/1.1" 304 -
144.191.148.3 - - [17/May/2011:15:47:50 -0500] "GET /progress/5063M09/1b967830.htm HTTP/1.1" 200 10607
144.191.148.3 - - [17/May/2011:15:48:16 -0500] "GET /sched/1b967830.htm HTTP/1.1" 304 -
144.191.148.3 - - [17/May/2011:15:48:17 -0500] "GET /progress/566M08/1b967830.htm HTTP/1.1" 200 6049
144.191.148.3 - - [17/May/2011:15:48:22 -0500] "GET /sched/1b967830.htm HTTP/1.1" 304 -
144.191.148.3 - - [17/May/2011:15:48:23 -0500] "GET /sched/1b967830.htm HTTP/1.1" 304 -
144.191.148.3 - - [17/May/2011:15:48:30 -0500] "GET /sched/1b967830.htm HTTP/1.1" 304 -
144.191.148.3 - - [17/May/2011:15:48:33 -0500] "GET /progress/1067M09/1b967830.htm HTTP/1.1" 200 8706
144.191.148.3 - - [17/May/2011:15:48:37 -0500] "GET /sched/1b967830.htm HTTP/1.1" 304 -
144.191.148.3 - - [17/May/2011:15:48:41 -0500] "GET /progress/1067M09/1b967830.htm HTTP/1.1" 304 -
144.191.148.3 - - [17/May/2011:15:48:47 -0500] "GET /sched/1b967830.htm HTTP/1.1" 304 -
144.191.148.3 - - [17/May/2011:15:48:50 -0500] "GET /progress/4062M04/1b967830.htm HTTP/1.1" 200 11481
144.191.148.3 - - [17/May/2011:15:49:08 -0500] "GET /sched/1b967830.htm HTTP/1.1" 304 -
144.191.148.3 - - [17/May/2011:15:49:09 -0500] "GET /progress/3063M05/1b967830.htm HTTP/1.1" 304 -
144.191.148.3 - - [17/May/2011:15:49:12 -0500] "GET /sched/1b967830.htm HTTP/1.1" 304 -
144.191.148.3 - - [17/May/2011:15:49:13 -0500] "GET /progress/PE6M02/1b967830.htm HTTP/1.1" 200 6676
144.191.148.3 - - [17/May/2011:15:49:17 -0500] "GET /sched/1b967830.htm HTTP/1.1" 304 -
144.191.148.3 - - [17/May/2011:15:49:19 -0500] "GET /progress/616M01/1b967830.htm HTTP/1.1" 200 5226
144.191.148.3 - - [17/May/2011:15:49:24 -0500] "GET /sched/1b967830.htm HTTP/1.1" 304 -
144.191.148.3 - - [17/May/2011:15:49:26 -0500] "GET /progress/6062M05/1b967830.htm HTTP/1.1" 200 4072
144.191.148.3 - - [17/May/2011:15:49:33 -0500] "GET /sched/1b967830.htm HTTP/1.1" 304 -
24.217.26.235 - - [17/May/2011:15:50:26 -0500] "GET /smframe.htm HTTP/1.1" 200 571
24.217.26.235 - - [17/May/2011:15:50:26 -0500] "GET /viewoptions.js HTTP/1.1" 304 -
24.217.26.235 - - [17/May/2011:15:50:26 -0500] "GET /style_side_div.css HTTP/1.1" 304 -
24.217.26.235 - - [17/May/2011:15:50:26 -0500] "GET /smside.js HTTP/1.1" 304 -
24.217.26.235 - - [17/May/2011:15:50:26 -0500] "GET /style_side.css HTTP/1.1" 304 -
24.217.26.235 - - [17/May/2011:15:50:26 -0500] "GET /style.css HTTP/1.1" 304 -
24.217.26.235 - - [17/May/2011:15:50:26 -0500] "GET /style_top.css HTTP/1.1" 304 -
24.217.26.235 - - [17/May/2011:15:50:26 -0500] "GET /images/frame_top.jpg HTTP/1.1" 304 -
24.217.26.235 - - [17/May/2011:15:50:26 -0500] "GET /images/form_arrow.gif HTTP/1.1" 304 -
24.217.26.235 - - [17/May/2011:15:50:26 -0500] "GET /images/schoolmaster.gif HTTP/1.1" 304 -
24.217.26.235 - - [17/May/2011:15:50:26 -0500] "GET /images/schoolhouse.gif HTTP/1.1" 304 -
24.217.26.235 - - [17/May/2011:15:50:26 -0500] "GET /style.css HTTP/1.1" 304 -
119.63.196.35 - - [17/May/2011:15:52:55 -0500] "GET /District/smschool.htm HTTP/1.1" 404 219
99.1.129.245 - - [17/May/2011:15:54:19 -0500] "GET /smframe.htm HTTP/1.1" 304 -
99.1.129.245 - - [17/May/2011:15:54:20 -0500] "GET /smside_css.htm HTTP/1.1" 304 -
99.1.129.245 - - [17/May/2011:15:54:20 -0500] "GET /smschool.htm HTTP/1.1" 304 -
99.1.129.245 - - [17/May/2011:15:54:20 -0500] "GET /smmess.htm HTTP/1.1" 304 -
99.1.129.245 - - [17/May/2011:15:54:20 -0500] "GET /viewoptions.js HTTP/1.1" 304 -
99.1.129.245 - - [17/May/2011:15:54:20 -0500] "GET /smside.js HTTP/1.1" 304 -
99.1.129.245 - - [17/May/2011:15:54:20 -0500] "GET /style_side_div.css HTTP/1.1" 304 -
99.1.129.245 - - [17/May/2011:15:54:20 -0500] "GET /style_top.css HTTP/1.1" 304 -
99.1.129.245 - - [17/May/2011:15:54:20 -0500] "GET /style_side.css HTTP/1.1" 304 -
99.1.129.245 - - [17/May/2011:15:54:20 -0500] "GET /style.css HTTP/1.1" 304 -
99.1.129.245 - - [17/May/2011:15:54:20 -0500] "GET /images/form_arrow.gif HTTP/1.1" 304 -
99.1.129.245 - - [17/May/2011:15:54:20 -0500] "GET /images/frame_top.jpg HTTP/1.1" 304 -
99.1.129.245 - - [17/May/2011:15:54:20 -0500] "GET /images/schoolmaster.gif HTTP/1.1" 304 -
99.1.129.245 - - [17/May/2011:15:54:20 -0500] "GET /images/schoolhouse.gif HTTP/1.1" 304 -
99.1.129.245 - - [17/May/2011:15:54:21 -0500] "GET /favicon.ico HTTP/1.1" 404 209
99.1.129.245 - - [17/May/2011:15:54:28 -0500] "GET /sched/1b82c790.htm HTTP/1.1" 304 -
99.1.129.245 - - [17/May/2011:15:54:28 -0500] "GET /images/arrow.gif HTTP/1.1" 304 -
99.1.129.245 - - [17/May/2011:15:54:30 -0500] "GET /progress/4082M05/1b82c790.htm HTTP/1.1" 304 -
99.1.129.245 - - [17/May/2011:15:54:36 -0500] "GET /sched/1b82c790.htm HTTP/1.1" 304 -
99.1.129.245 - - [17/May/2011:15:54:38 -0500] "GET /progress/1088M05/1b82c790.htm HTTP/1.1" 304 -
99.1.129.245 - - [17/May/2011:15:54:52 -0500] "GET /sched/1b82c790.htm HTTP/1.1" 304 -
99.1.129.245 - - [17/May/2011:15:54:57 -0500] "GET /progress/238M08/1b82c790.htm HTTP/1.1" 304 -
99.1.129.245 - - [17/May/2011:15:55:02 -0500] "GET /sched/1b82c790.htm HTTP/1.1" 304 -
99.1.129.245 - - [17/May/2011:15:55:05 -0500] "GET /progress/3082M09/1b82c790.htm HTTP/1.1" 304 -
99.1.129.245 - - [17/May/2011:15:55:13 -0500] "GET /sched/1b82c790.htm HTTP/1.1" 304 -
99.1.129.245 - - [17/May/2011:15:55:19 -0500] "GET /progress/5083M05/1b82c790.htm HTTP/1.1" 304 -
99.1.129.245 - - [17/May/2011:15:55:23 -0500] "GET /sched/1b82c790.htm HTTP/1.1" 304 -
99.1.129.245 - - [17/May/2011:15:55:44 -0500] "GET /progress/1088M05/1b82c790.htm HTTP/1.1" 304 -
216.114.112.177 - - [17/May/2011:15:56:17 -0500] "GET /sched/1b93c184.htm HTTP/1.1" 304 -
216.114.112.177 - - [17/May/2011:15:56:21 -0500] "GET /progress/3053M04/1b93c184.htm HTTP/1.1" 304 -
24.171.50.215 - - [17/May/2011:15:56:54 -0500] "GET /smframe.htm HTTP/1.1" 200 571
24.171.50.215 - - [17/May/2011:15:56:54 -0500] "GET /smside_css.htm HTTP/1.1" 200 1745
24.171.50.215 - - [17/May/2011:15:56:54 -0500] "GET /smschool.htm HTTP/1.1" 200 1112
24.171.50.215 - - [17/May/2011:15:56:54 -0500] "GET /smmess.htm HTTP/1.1" 200 1148
24.171.50.215 - - [17/May/2011:15:56:54 -0500] "GET /viewoptions.js HTTP/1.1" 200 1600
24.171.50.215 - - [17/May/2011:15:56:54 -0500] "GET /smside.js HTTP/1.1" 200 6160
24.171.50.215 - - [17/May/2011:15:56:54 -0500] "GET /style_side_div.css HTTP/1.1" 200 2278
24.171.50.215 - - [17/May/2011:15:56:54 -0500] "GET /style_side.css HTTP/1.1" 200 896
24.171.50.215 - - [17/May/2011:15:56:54 -0500] "GET /style_top.css HTTP/1.1" 200 1207
24.171.50.215 - - [17/May/2011:15:56:54 -0500] "GET /style.css HTTP/1.1" 200 2211
24.171.50.215 - - [17/May/2011:15:56:54 -0500] "GET /images/form_arrow.gif HTTP/1.1" 200 85
24.171.50.215 - - [17/May/2011:15:56:54 -0500] "GET /images/schoolmaster.gif HTTP/1.1" 200 3623
24.171.50.215 - - [17/May/2011:15:56:54 -0500] "GET /images/schoolhouse.gif HTTP/1.1" 200 5963
24.171.50.215 - - [17/May/2011:15:56:54 -0500] "GET /images/frame_top.jpg HTTP/1.1" 200 16723
24.171.50.215 - - [17/May/2011:15:56:54 -0500] "GET /favicon.ico HTTP/1.1" 404 209
24.171.50.215 - - [17/May/2011:15:57:06 -0500] "GET /sched/1bcb5258.htm HTTP/1.1" 200 6837
24.171.50.215 - - [17/May/2011:15:57:06 -0500] "GET /images/arrow.gif HTTP/1.1" 200 56
24.171.50.215 - - [17/May/2011:15:57:13 -0500] "GET /progress/226MO11/1bcb5258.htm HTTP/1.1" 200 15240
24.171.50.215 - - [17/May/2011:15:57:38 -0500] "GET /progress/3063M10/1bcb5258.htm HTTP/1.1" 200 13307
24.171.50.215 - - [17/May/2011:15:58:00 -0500] "GET /progress/4062M07/1bcb5258.htm HTTP/1.1" 200 11496
24.171.50.215 - - [17/May/2011:15:58:11 -0500] "GET /progress/5063S10/1bcb5258.htm HTTP/1.1" 200 10623
24.171.50.215 - - [17/May/2011:15:58:26 -0500] "GET /progress/1067M08/1bcb5258.htm HTTP/1.1" 200 8709
24.171.50.215 - - [17/May/2011:15:58:40 -0500] "GET /progress/706M04/1bcb5258.htm HTTP/1.1" 200 6365
24.171.50.215 - - [17/May/2011:15:59:13 -0500] "GET /progress/PE6M02/1bcb5258.htm HTTP/1.1" 200 6677
24.171.50.215 - - [17/May/2011:15:59:20 -0500] "GET /progress/6066M10/1bcb5258.htm HTTP/1.1" 200 4931
193.47.80.41 - - [17/May/2011:16:00:03 -0500] "GET /robots.txt HTTP/1.1" 404 208
193.47.80.41 - - [17/May/2011:16:00:03 -0500] "GET / HTTP/1.1" 403 3985
67.108.81.2 - - [17/May/2011:16:05:32 -0500] "GET /smframe.htm HTTP/1.1" 304 -
67.108.81.2 - - [17/May/2011:16:05:32 -0500] "GET /smschool.htm HTTP/1.1" 304 -
67.108.81.2 - - [17/May/2011:16:05:32 -0500] "GET /smside_css.htm HTTP/1.1" 304 -
67.108.81.2 - - [17/May/2011:16:05:32 -0500] "GET /smmess.htm HTTP/1.1" 304 -
67.108.81.2 - - [17/May/2011:16:05:33 -0500] "GET /viewoptions.js HTTP/1.1" 304 -
67.108.81.2 - - [17/May/2011:16:05:33 -0500] "GET /style.css HTTP/1.1" 304 -
67.108.81.2 - - [17/May/2011:16:05:33 -0500] "GET /style_top.css HTTP/1.1" 304 -
67.108.81.2 - - [17/May/2011:16:05:33 -0500] "GET /smside.js HTTP/1.1" 304 -
67.108.81.2 - - [17/May/2011:16:05:33 -0500] "GET /style_side.css HTTP/1.1" 304 -
67.108.81.2 - - [17/May/2011:16:05:33 -0500] "GET /style_side_div.css HTTP/1.1" 304 -
67.108.81.2 - - [17/May/2011:16:05:33 -0500] "GET /images/frame_top.jpg HTTP/1.1" 304 -
67.108.81.2 - - [17/May/2011:16:05:33 -0500] "GET /images/form_arrow.gif HTTP/1.1" 304 -
67.108.81.2 - - [17/May/2011:16:05:33 -0500] "GET /images/schoolhouse.gif HTTP/1.1" 304 -
67.108.81.2 - - [17/May/2011:16:05:33 -0500] "GET /images/schoolmaster.gif HTTP/1.1" 304 -
67.108.81.2 - - [17/May/2011:16:05:42 -0500] "GET /sched/1bcd3975.htm HTTP/1.1" 304 -
67.108.81.2 - - [17/May/2011:16:05:42 -0500] "GET /images/arrow.gif HTTP/1.1" 304 -
67.108.81.2 - - [17/May/2011:16:05:44 -0500] "GET /progress/5073M09/1bcd3975.htm HTTP/1.1" 304 -
67.108.81.2 - - [17/May/2011:16:06:06 -0500] "GET /progress/4072M03/1bcd3975.htm HTTP/1.1" 304 -
67.108.81.2 - - [17/May/2011:16:06:18 -0500] "GET /progress/107M04/1bcd3975.htm HTTP/1.1" 304 -
67.108.81.2 - - [17/May/2011:16:06:27 -0500] "GET /progress/3074M02/1bcd3975.htm HTTP/1.1" 304 -
67.108.81.2 - - [17/May/2011:16:06:38 -0500] "GET /progress/607M09/1bcd3975.htm HTTP/1.1" 304 -
67.108.81.2 - - [17/May/2011:16:06:50 -0500] "GET /progress/227M02/1bcd3975.htm HTTP/1.1" 304 -
216.114.107.156 - - [17/May/2011:16:09:45 -0500] "GET /smframe.htm HTTP/1.1" 200 571
216.114.107.156 - - [17/May/2011:16:09:46 -0500] "GET /smside_css.htm HTTP/1.1" 200 1745
216.114.107.156 - - [17/May/2011:16:09:46 -0500] "GET /smschool.htm HTTP/1.1" 200 1112
216.114.107.156 - - [17/May/2011:16:09:46 -0500] "GET /smmess.htm HTTP/1.1" 200 1148
216.114.107.156 - - [17/May/2011:16:09:46 -0500] "GET /viewoptions.js HTTP/1.1" 200 1600
216.114.107.156 - - [17/May/2011:16:09:46 -0500] "GET /smside.js HTTP/1.1" 200 6160
216.114.107.156 - - [17/May/2011:16:09:46 -0500] "GET /style_side.css HTTP/1.1" 200 896
216.114.107.156 - - [17/May/2011:16:09:46 -0500] "GET /style_side_div.css HTTP/1.1" 200 2278
216.114.107.156 - - [17/May/2011:16:09:46 -0500] "GET /style_top.css HTTP/1.1" 200 1207
216.114.107.156 - - [17/May/2011:16:09:46 -0500] "GET /style.css HTTP/1.1" 200 2211
216.114.107.156 - - [17/May/2011:16:09:46 -0500] "GET /images/frame_top.jpg HTTP/1.1" 200 16723
216.114.107.156 - - [17/May/2011:16:09:46 -0500] "GET /images/schoolmaster.gif HTTP/1.1" 200 3623
216.114.107.156 - - [17/May/2011:16:09:46 -0500] "GET /images/schoolhouse.gif HTTP/1.1" 200 5963
216.114.107.156 - - [17/May/2011:16:09:47 -0500] "GET /images/form_arrow.gif HTTP/1.1" 200 85
216.114.112.177 - - [17/May/2011:16:10:00 -0500] "GET /sched/1b80d112.htm HTTP/1.1" 304 -
216.114.107.156 - - [17/May/2011:16:10:00 -0500] "GET /sched/1bbdf600.htm HTTP/1.1" 200 5594
